w = -6 - -4. Let m be (v/w)/(3/44). Calculate the greatest common factor of 22 and m.
22
Let i = -44 + 53. What is the highest common factor of i and 6?
3
Suppose -2*v = -3*v + 4, -3*a + v = -359. Suppose -o = 2 - 13. Calculate the greatest common divisor of a and o.
11
Let p = -2 + 12. Calculate the greatest common divisor of 10 and p.
10
Let d = 44 - 155. Let h = 171 + d. Calculate the greatest common factor of h and 40.
20
Let p be 5/(5/(-6))*48/(-9). Calculate the greatest common divisor of p and 352.
32
Let s(z) = -10*z**2 + 0*z + z + 2*z + 2 - z + z**3. Let c be s(10). Calculate the highest common factor of 33 and c.
11
Let f be 3/(-5) - (-78)/30. Let p = f + 0. Suppose -10 = -3*u - p*u. Calculate the highest common factor of u and 4.
2
Let u be 5 - (6 + -1 + -2). Suppose u*i + 3*h = 11, -2*i + 3*h = 8*h - 13. What is the highest common factor of 4 and i?
4
Let x = -30 - -58. Calculate the highest common divisor of 42 and x.
14
Suppose -6*i + 52 = -4*i - 4*l, 4*i = l + 90. What is the greatest common factor of 44 and i?
22
Let p be 3/24*4 - (-358)/4. Suppose d = -4*v - 21, -4*d - 2*v - 33 = d. Let f(z) = z**2 + 3*z. Let n be f(d). Calculate the greatest common factor of n and p.
10
Let v = -125 - -230. Suppose -5*h + 75 = -0*h. What is the greatest common divisor of h and v?
15
Let l be 12*(-1 - (0 + -2)). Calculate the highest common factor of 84 and l.
12
Suppose 0*h + 8 = -4*h. Let c be h/(-2) - 0/(-4). Let u be 24/(-6)*c/(-2). Calculate the greatest common factor of u and 2.
2
Let h = -9 + 10. Let c be 2*6*(-15)/(-12). Suppose 3*v = -c, -4*v - 26 = -k + v. What is the highest common divisor of h and k?
1
Let d = 11 + 7. Let i be ((-24)/(-10))/(6/(-1305)). Let p = -360 - i. Calculate the highest common factor of d and p.
18
Let v = -8 + 11. Suppose -q = -4*f + 24, 0 = -2*f + v*f - q - 3. Calculate the highest common factor of 7 and f.
7
Suppose -m - 63 = -4*q, -3*q + 2*q - 5*m = 0. Calculate the greatest common divisor of q and 6.
3
Suppose -5*d + 29 = 4*t, -5*d - 21 = -4*t - 2*d. Let j = -70 - -112. Calculate the greatest common divisor of t and j.
6
Let x = 38 + -33. Calculate the greatest common factor of 5 and x.
5
Let m be 1 - (1 - (2 - 2)). Let c be (2 - m)*2/2. Let x be 19 + (-2 - 3/(-3)). Calculate the greatest common factor of x and c.
2
Suppose 0 = -6*z + z - 15. Let i = 10 + z. What is the highest common divisor of i and 21?
7
Let h(s) = -5*s**2 - 5*s - 2. Let q be h(-4). Suppose -j - 3*n + 80 = 0, -2*j - 5*n = j - 256. Let u = j + q. Calculate the greatest common divisor of u and 10.
10
Suppose h + 3 + 1 = -2*r, 5 = -2*h - 3*r. Let t(g) = g**3 - g + 1. Let w be t(h). Let x = 192 - 129. Calculate the highest common factor of x and w.
7
Suppose -v + 924 = 5*v. Let m = 15 + -32. Let r = m - -31. Calculate the highest common divisor of v and r.
14
Let y(k) = 29*k**3 - 2*k**2 - 2*k - 1. Let q be y(-1). Let m be q/(-26) - (-2)/(-13). What is the highest common factor of m and 3?
1
Let o be 819/35 - 3/(-5). Calculate the highest common divisor of o and 168.
24
Suppose -a = -k - k + 7, 0 = -a + 4*k - 17. Suppose a*g - 2*s = 218, g = 4*g - 4*s - 226. What is the highest common factor of g and 7?
7
Let f(w) = w**2 - 26*w + 56. Let d be f(24). Suppose -3*z = 2*t - 118, -2*z - 55 + 133 = 2*t. What is the highest common factor of d and z?
8
Let b be 2/(-8) + 340/16. Let d = b + -6. Suppose 0 = 5*n + d - 90. Calculate the greatest common factor of 3 and n.
3
Let c be ((3/(-2))/(-3))/(2/60). What is the greatest common factor of c and 5?
5
Let h(y) = 9*y - 1. Let v(a) = -a. Let n(u) = -h(u) - 2*v(u). Let p be n(-1). Suppose 0 = 5*i - 18 - 2. Calculate the greatest common factor of i and p.
4
Let l = -37 + 125. What is the greatest common divisor of 22 and l?
22
Let v be 242/16 - 3/24. Calculate the greatest common divisor of v and 5.
5
Let d = 58 - 32. What is the greatest common divisor of 182 and d?
26
Suppose -5*k - z - 7 = 0, 0 = -2*k + k - z - 3. Let c = -1 + k. Let n be c/4*3*-28. What is the highest common divisor of n and 6?
6
Suppose 0 = -4*x + x + 3. Suppose -l - l + 6 = 0. Calculate the highest common factor of x and l.
1
Suppose -t + 11 = 2*u - 29, -2*t - 100 = -5*u. Let z(l) = 3*l**2 - l - 2. Let g be z(2). Calculate the highest common divisor of u and g.
4
Let m = -82 - -94. What is the greatest common divisor of 48 and m?
12
Suppose -p + 3*x = -96, 3*x = -2*x. Let b = -8 - -11. Suppose 2*l - b*l = -12. Calculate the greatest common divisor of l and p.
12
Suppose 5*n + 76 - 391 = 0. Let o = -36 + n. Let g be (2 - 0) + 7/1. What is the greatest common divisor of g and o?
9
Suppose -5*x = -15*x + 330. What is the greatest common divisor of x and 3?
3
Suppose -12 + 4 = -4*a. Suppose -3*u - 21 = -q - a, -1 = u. Suppose -3*j = -j - 160. What is the greatest common divisor of j and q?
16
Suppose 4*k - 7 = -2*z + 7, -k - z = -5. Let x be 4 + (-1 + k)*2. What is the greatest common factor of x and 12?
6
Suppose n = -4*n + 15. Suppose 3*x = -4*p - x + 16, 0 = p - n*x - 4. Calculate the greatest common divisor of 12 and p.
4
Let x be (8/(-10))/((-2)/15). Let o(v) = -6*v**3 - 3*v**2 - 7*v - 8. Let p be o(-2). Calculate the greatest common factor of p and x.
6
Let a(f) = f**3 - 11*f**2 - 8*f + 12. Let v be a(12). Calculate the greatest common divisor of v and 15.
15
Let g(u) = u**2 - 7*u + 9. Let h be g(6). Let l = -10 - -4. Let s be 2*((-15)/l - 1). Calculate the highest common divisor of s and h.
3
Let w(x) = x**3 + 7*x**2 - 10*x - 9. Let u be w(-8). Suppose 3*a + 24 = -a. Let n = 13 + a. Calculate the highest common divisor of u and n.
7
Let b(v) = -v**2 + 11*v + 5. Let o be b(11). What is the greatest common factor of o and 20?
5
Suppose -g + 28 = 2*f, -5*g - 7 = -f - 15. What is the greatest common factor of 8 and f?
4
Let k be 28534/99 - (-4)/(-18). What is the greatest common factor of k and 36?
36
Let a(w) = w**2 + 6*w + 4. Suppose -h = -2*q - 7, -q - 2*h - 22 = q. Let p be a(q). Calculate the greatest common factor of p and 1.
1
Let t = -11 - -17. Let a be 15/((t/(-22))/(-3)). Suppose -3*v + 4*x = -25, 0*v + x - 50 = -3*v. Calculate the highest common factor of v and a.
15
Let y be (-9228)/(-30) + (-2)/(-5). Calculate the greatest common factor of y and 28.
28
Let o be 2/(-3)*1512/(-16). Suppose u = 4*t - 3, -2*u - t + 33 = 4*t. What is the greatest common divisor of o and u?
9
Let m be 0 + (-591)/(-39) + (-12)/78. Calculate the highest common factor of m and 15.
15
Suppose -105*r = -104*r - 12. What is the greatest common factor of r and 108?
12
Let c(n) = -4*n - 2. Suppose -1 = r + 2. Let u be c(r). Calculate the highest common factor of u and 70.
10
Let u = -4 - -9. Suppose -9*s = -u*s - 180. Calculate the highest common factor of s and 18.
9
Let q be (-1 - 1)*(-22)/4. Suppose h - 2 = q. Calculate the greatest common divisor of h and 13.
13
Suppose 0*w = 5*n + 3*w - 82, -2*n = 4*w - 44. Let x be 2/(-9) - (-86)/(-18). Let y = n + x. What is the highest common factor of y and 9?
9
Let x be (-1 + -8)*(-55)/(-15). Let n = 55 + x. What is the highest common divisor of 2 and n?
2
Suppose 0 = 4*z - 3*i + 9, 4*z + i = -37 + 8. Let q be -3*(176/z)/4. What is the highest common factor of 11 and q?
11
Suppose -3*r - 13 = -4*g, 3*r + 15 = 2*g + 4. Let x be 1/r + (-25)/(-3). Calculate the highest common factor of x and 24.
8
Let v = 58 + -32. What is the greatest common factor of 234 and v?
26
Suppose -2*c - 265 = -5*v, -c = 2*v - 135 + 29. Let n = v + -37. Suppose 0 = 2*u - 8*u + 672. Calculate the highest common divisor of u and n.
16
Let u = -10 + 12. Let a be (2/(-5))/(u/(-40)). Calculate the highest common divisor of 2 and a.
2
Suppose 2*l - 100 = 5*p - 3*l, 0 = -2*p - 4*l - 46. Let s = 46 + p. Suppose -5*a = -2*a - 15. Calculate the highest common factor of s and a.
5
Let y(t) = t**3 + 5*t**2 + 6. Let u = 12 + -17. Let j be y(u). Let p(x) = 6*x**3. Let g be p(1). Calculate the highest common divisor of g and j.
6
Let z(y) = -3*y - 3 - y + 2*y. Let x be z(-3). Suppose 15 = x*m - 0*m. What is the greatest common factor of 5 and m?
5
Let v(k) = -k**3 - 9*k**2 - 7*k + 10. Let j be v(-8). Suppose j*t + 3 = -t. Let i be t/(-2)*(8 - 6). What is the greatest common divisor of 2 and i?
1
Suppose t - 5*k = 0, -k + 2*k - 52 = -5*t. Let 